
Calculate the greatest common factor of 35 and 80.
5
Calculate the highest common divisor of 20 and 5384.
4
What is the highest common factor of 6071 and 91?
13
What is the highest common divisor of 50 and 19825?
25
Calculate the highest common divisor of 15 and 20.
5
Calculate the greatest common factor of 70 and 12.
2
What is the greatest common factor of 19686 and 204?
102
Calculate the greatest common divisor of 1105 and 425.
85
Calculate the highest common factor of 14 and 2674.
14
Calculate the greatest common divisor of 16 and 32784.
16
What is the greatest common divisor of 237 and 4108?
79
Calculate the highest common factor of 22 and 1606.
22
Calculate the greatest common factor of 28 and 36.
4
What is the highest common factor of 95 and 12065?
95
Calculate the highest common divisor of 11 and 341.
11
What is the greatest common factor of 3815 and 21?
7
Calculate the highest common factor of 372 and 124.
124
What is the greatest common factor of 66 and 12?
6
Calculate the greatest common factor of 455 and 819.
91
What is the highest common factor of 1815 and 15?
15
What is the highest common divisor of 16 and 32?
16
Calculate the highest common divisor of 245 and 196.
49
Calculate the greatest common factor of 11440 and 11.
11
What is the highest common factor of 3 and 19659?
3
Calculate the highest common factor of 1408 and 11.
11
What is the highest common factor of 615 and 984?
123
What is the highest common factor of 952 and 168?
56
Calculate the highest common divisor of 86 and 215.
43
Calculate the highest common divisor of 28 and 154.
14
Calculate the greatest common factor of 403 and 26.
13
What is the highest common factor of 15 and 9?
3
What is the greatest common factor of 429 and 39?
39
Calculate the greatest common divisor of 72 and 7416.
72
What is the highest common factor of 4092 and 660?
132
What is the highest common divisor of 2356 and 248?
124
Calculate the greatest common factor of 48 and 108.
12
Calculate the highest common factor of 7 and 511.
7
Calculate the highest common divisor of 90 and 2286.
18
What is the greatest common factor of 240 and 4890?
30
What is the highest common factor of 153 and 561?
51
Calculate the greatest common factor of 105 and 5.
5
Calculate the greatest common divisor of 4 and 178.
2
What is the highest common divisor of 285 and 75?
15
What is the highest common factor of 240 and 560?
80
Calculate the highest common factor of 35 and 2240.
35
What is the greatest common divisor of 18 and 62?
2
What is the greatest common divisor of 2987 and 377?
29
What is the greatest common divisor of 25 and 23?
1
What is the greatest common divisor of 240 and 192?
48
Calculate the greatest common divisor of 58515 and 470.
235
What is the greatest common factor of 108 and 162?
54
Calculate the greatest common factor of 65 and 156.
13
Calculate the highest common factor of 15 and 408.
3
What is the highest common factor of 1037 and 305?
61
Calculate the greatest common divisor of 511 and 42.
7
What is the greatest common divisor of 6975 and 120?
15
What is the highest common divisor of 990 and 4554?
198
What is the highest common divisor of 27 and 5994?
27
What is the highest common factor of 30 and 1275?
15
What is the greatest common divisor of 2466 and 27?
9
Calculate the highest common divisor of 238 and 136.
34
Calculate the highest common divisor of 98 and 1960.
98
What is the greatest common factor of 16350 and 60?
30
Calculate the greatest common factor of 273 and 364.
91
What is the highest common divisor of 81 and 567?
81
Calculate the highest common divisor of 60 and 378.
6
Calculate the greatest common factor of 25165 and 140.
35
What is the greatest common divisor of 19047 and 14?
7
What is the highest common factor of 8 and 584?
8
What is the highest common divisor of 93 and 31992?
93
What is the greatest common divisor of 629 and 703?
37
Calculate the greatest common divisor of 1012 and 704.
44
What is the highest common divisor of 42 and 1449?
21
What is the greatest common divisor of 559 and 43?
43
Calculate the highest common factor of 2170 and 2480.
310
What is the highest common divisor of 875 and 14?
7
What is the highest common factor of 1184 and 608?
32
Calculate the greatest common divisor of 252 and 684.
36
Calculate the greatest common factor of 57 and 456.
57
Calculate the greatest common factor of 399 and 4503.
57
Calculate the highest common divisor of 94 and 22.
2
What is the highest common factor of 81 and 783?
27
What is the greatest common factor of 59 and 1?
1
Calculate the highest common divisor of 129 and 23091.
129
What is the highest common divisor of 430 and 20?
10
What is the highest common factor of 534 and 48?
6
Calculate the highest common divisor of 4070 and 185.
185
Calculate the highest common factor of 507 and 117.
39
Calculate the greatest common divisor of 147 and 161.
7
What is the highest common divisor of 5907 and 716?
179
Calculate the highest common divisor of 126 and 38934.
126
Calculate the greatest common factor of 37 and 1369.
37
What is the highest common factor of 168 and 756?
84
What is the highest common divisor of 30 and 20?
10
What is the highest common divisor of 7957 and 73?
73
Calculate the highest common factor of 430 and 230.
10
Calculate the greatest common divisor of 665 and 11039.
133
Calculate the highest common factor of 27 and 153.
9
What is the greatest common factor of 408 and 108?
12
Calculate the greatest common factor of 54 and 12.
6
What is the highest common factor of 6641 and 29?
29
What is the greatest common factor of 14 and 152?
2
What is the greatest common divisor of 124 and 3162?
62
What is the greatest common divisor of 3 and 48?
3
Calculate the highest common factor of 33 and 11.
11
Calculate the greatest common divisor of 111 and 27.
3
Calculate the greatest common divisor of 57 and 931.
19
What is the greatest common divisor of 11 and 1782?
11
Calculate the highest common factor of 12030 and 60.
30
Calculate the greatest common divisor of 81 and 135.
27
What is the highest common factor of 19 and 817?
19
Calculate the greatest common divisor of 164 and 68634.
82
What is the greatest common divisor of 8 and 16?
8
Calculate the greatest common factor of 4 and 926.
2
What is the highest common divisor of 658 and 14?
14
Calculate the highest common divisor of 38 and 285.
19
What is the highest common factor of 156 and 822?
6
Calculate the highest common factor of 37 and 37.
37
What is the highest common divisor of 1792 and 14?
14
What is the greatest common divisor of 1027 and 39?
13
Calculate the highest common divisor of 1805 and 475.
95
What is the greatest common factor of 64870 and 130?
130
What is the highest common divisor of 225 and 30?
15
What is the highest common factor of 200 and 5050?
50
What is the highest common factor of 153 and 357?
51
What is the greatest common factor of 4437 and 29?
29
Calculate the highest common divisor of 8 and 288.
8
What is the greatest common factor of 3484 and 1340?
268
Calculate the highest common factor of 1911 and 4368.
273
Calculate the greatest common factor of 20 and 25.
5
Calculate the greatest common divisor of 16 and 9.
1
What is the greatest common divisor of 63 and 45?
9
Calculate the highest common divisor of 49 and 28.
7
Calculate the highest common divisor of 256 and 4.
4
What is the highest common factor of 1485 and 275?
55
What is the highest common factor of 507 and 27?
3
Calculate the highest common factor of 68 and 731.
17
Calculate the greatest common divisor of 287 and 369.
41
What is the highest common divisor of 31 and 2449?
31
What is the highest common divisor of 183 and 5063?
61
What is the greatest common divisor of 2 and 74?
2
What is the greatest common divisor of 2496 and 130?
26
Calculate the greatest common factor of 5 and 215.
5
Calculate the greatest common factor of 139 and 1390.
139
Calculate the highest common factor of 8769 and 1659.
237
What is the highest common factor of 74 and 2701?
37
Calculate the greatest common divisor of 308 and 209.
11
Calculate the highest common factor of 676 and 104.
52
Calculate the highest common divisor of 42 and 4809.
21
Calculate the greatest common divisor of 7776 and 504.
72
What is the gre